 11. Suppose -u + 265 = 4*p, 3*p - 2*u + q*u = 203. What is the units digit of p?
6
Suppose 4*w - 9 = w + 3*n, -5 = -3*w + n. What is the units digit of w*19 + (0 - -2)?
1
Let s be (0 - 0)/(-2 - -4)*1. Suppose 5*z = 2*r + 289, -298 = -5*z - r - s*r. What is the tens digit of z?
5
Suppose m + k - 78 = 290, -2*k = 0. What is the tens digit of m?
6
Let j(q) = 104*q**2 - 5*q + 6. Let f be j(2). Suppose 0 = -5*o + 18 + f. What is the units digit of o?
6
Suppose 0*q = -4*q, -q - 20 = -4*v. Suppose -4*y - 322 = -4*z + 38, -4*z + 324 = v*y. What is the tens digit of z?
8
Let z(f) = -f**3 - 4*f**2 - 2*f - 6. Let x be z(-4). Let a be (0/(0 + x))/3. Suppose a*t - 4*t = -48. What is the tens digit of t?
1
Let b be 35/10 - (-6)/(-4). Suppose -2*g - b*r = -5*r - 21, 0 = -5*r - 15. Let h = g + -2. What is the units digit of h?
4
Suppose -2*l + 7 = -3. Suppose l*k = k - 4*v + 120, -5*v = -k. Suppose 5*i = 4*i + k. What is the tens digit of i?
2
Let d(f) = 6*f**3 - 2*f**2 + 1. Let u be d(1). Suppose 6*s - s = u. What is the tens digit of 10/5 + 31/s?
3
Let w(x) = 12*x**2 + 3*x - 9. What is the tens digit of w(5)?
0
Suppose 0 = -4*m + 5*n + 1196, 10*n - 14*n = 3*m - 928. What is the hundreds digit of m?
3
Let f be (0 + (-4)/(-3))*270/9. Let o = 140 - f. What is the tens digit of o?
0
Suppose 5*t = -3*a + 4*a + 1, 2*a = t - 11. Let b be (1 + 2/a)*6. Suppose -b*k + 154 = 6. What is the units digit of k?
7
Let x(j) = 123*j - 405. What is the thousands digit of x(18)?
1
Suppose -4*w - 11 = -2*y + 5, -3*y - 4*w = -34. What is the hundreds digit of 1301/7 + (y/2)/35?
1
Suppose 0*j = -0*j + j. Suppose j = -3*a - 3*a + 894. What is the hundreds digit of a?
1
Suppose 225*t - 164*t = 187453. What is the thousands digit of t?
3
Suppose -88 = -3*l + 26. Let s = -20 + l. Suppose -s = -3*q + 18. What is the tens digit of q?
1
Suppose 5 = -6*z + z. Let w(q) = 18*q**2 - 1. Let f be w(z). Let x = -12 + f. What is the units digit of x?
5
Let a = 59 - 12. Let f = -16 + a. Suppose 15 = 3*c - 2*h, 4*c + 2*h = h + f. What is the units digit of c?
7
Let s(n) = n**2 + 3*n - 6. Let c be s(4). Let f = c + -30. What is the units digit of 12 + 2/(f/4)?
1
Suppose 2*l - 3*b + 151 = 879, 1456 = 4*l + 2*b. Suppose 131 = 5*h - l. What is the units digit of h?
9
Let n = 179 - -342. What is the units digit of n?
1
Let m = -2064 - -3031. What is the units digit of m?
7
Suppose -5*y + 4*t + 6540 + 3793 = 0, -2*y - 5*t + 4153 = 0. What is the hundreds digit of y?
0
Let x be (126/(-3))/(-1) + 11 + -10. Let j be -20*(-1 - 1*-2). Let b = x + j. What is the units digit of b?
3
Suppose 10*w - 5*w = 0. Suppose w = 6*b - 47 - 43. What is the tens digit of ((-84)/10)/((-3)/b)?
4
Let t = -6 + 10. Suppose -4*b = -2*n + 6*n - 168, t*n - 78 = -2*b. What is the units digit of b?
5
Suppose 12*i = 2*u + 10*i - 278, 719 = 5*u + i. What is the units digit of u?
3
Let f(k) = 9*k**3 - 6*k**2 + 10*k - 16. What is the thousands digit of f(6)?
1
Let g be 8 + -7 + (0 - 13). What is the tens digit of (243/g)/(3/(-8))?
5
Suppose 436 = i - 5*l, -4*l = -i + 444 - 13. What is the tens digit of i?
1
Let a = 44 - 18. Suppose o = 44 + a. What is the tens digit of o?
7
Suppose 4*q - 28 = 4. Let w = 10 - q. Let s = 21 - w. What is the units digit of s?
9
Let z(h) = h**3 - 5*h**2 + 7*h - 7. Let q be z(4). What is the hundreds digit of (1 - q)*(-1104)/32?
1
What is the thousands digit of -4 + -2 + 19/(57/9414)?
3
Let g(f) be the second derivative of -f**4/12 + 5*f**3/3 + 11*f**2/2 + 6*f. Let w be g(8). Suppose 0 = 3*y - w + 12. What is the units digit of y?
5
Suppose 2 = -4*s + 3*y - 12, -22 = 4*s + y. Let p be (-2)/s - (-1268)/(-20). What is the tens digit of (-1)/2*(p - -5)?
2
Let q = -11 + 16. Suppose -q*m - 2 = 3*u + 15, -3*u + 2*m = 10. Let z(i) = -9*i + 5. What is the tens digit of z(u)?
4
Let n(t) = 208*t + 1. Let k be n(1). Let o = -136 + k. What is the tens digit of o?
7
Suppose 0 = 5*r - 3*r - 12. Let x be r/((-118)/(-56) + -2). Suppose 5*a = -2*u + x, 3*a + 16 = 2*u - 2*a. What is the tens digit of u?
1
Suppose -1222 = -r - i, -1996 - 1684 = -3*r + 4*i. What is the hundreds digit of r?
2
Suppose 7*x = 4*x. Let o be (x - 2/4)*0. Suppose -34 = -o*i - i. What is the tens digit of i?
3
Suppose 4*f = i + 9*f - 492, 5*f + 1029 = 2*i. What is the units digit of i?
7
Let h(u) be the first derivative of u**4 - u**3 - 8. Let a be h(2). Suppose 0 = 5*v + a, -r + 9*v = 4*v - 77. What is the tens digit of r?
5
Let t be (-3)/1 - (-14)/2. Suppose -82 = -2*w - 0*z - t*z, 0 = 2*w - 3*z - 75. What is the tens digit of (-6)/w + 472/26?
1
Let r = 95 - 91. Suppose 342 = 5*x - 2*f + 6*f, -5*x + 5*f = -360. Suppose r*w - 6*w = -x. What is the tens digit of w?
3
Let w(v) = -v**3 + 5*v**2 + 8*v + 2. Let x be w(6). Suppose -r + x*r = 2912. What is the units digit of r?
4
Let w(n) = 2*n - 21. Let u be w(7). Let s = u - -12. Suppose -3*h + 4 = -s. What is the units digit of h?
3
Let q(k) = -4*k + 28. Let u be q(8). Let f(z) = 7*z**2 - z - 5. What is the hundreds digit of f(u)?
1
Suppose -10*i + 15*i = 5. What is the units digit of -1 + (i - 0) + 46?
6
Let m(h) = h**2 + 14*h + 14. Let r be m(-13). Let k(g) = 15*g**2 - 1. What is the tens digit of k(r)?
1
Let u(s) = 7*s**2 - 3*s + 15. What is the hundreds digit of u(5)?
1
Let m(k) be the first derivative of 7*k**2/2 - 1. Let p be m(-5). Let q = 55 + p. What is the units digit of q?
0
Let r be (5 + -4)/(1/5). Let u(c) = c**3 - 3*c**2 + 2*c - 6. Let z be u(r). Suppose -4*x + 4*j + 72 = -0, z = 4*x + 2*j. What is the tens digit of x?
1
Let b = -133 + 73. Let h = b + 107. What is the tens digit of h?
4
What is the units digit of ((-11695)/(-3))/((-140)/(-84))?
9
Let l(d) = -d**3 - 16*d**2 + 20*d + 1. What is the units digit of l(-18)?
9
What is the units digit of ((-23150)/(-350))/((-1)/(-35))?
5
Suppose 2*f + 3*t = 3*f - 1454, -5*t = -f + 1444. What is the units digit of f?
9
Suppose -9*z + 2*z + 1463 = 0. What is the hundreds digit of z?
2
Let s = -8 + 13. Suppose -4*t + 92 = 2*v, -s*v - 3*t = t - 218. Suppose -2*m = u - v, -4*u - 4*m + 80 = -72. What is the units digit of u?
4
Let o = -1751 - -2486. What is the tens digit of o?
3
Suppose -4*a + 2*l = 6*l - 676, -5*a + l + 821 = 0. What is the tens digit of a?
6
Suppose -2*w - 32 = -7*w + 4*n, 2*w + n = 5. What is the hundreds digit of (262/w)/(3/6)?
1
Suppose a + 5*s = -a + 29, 3*a - 21 = -3*s. Suppose -a*m = -0*m - 16. Let i = 81 - m. What is the units digit of i?
3
Let w = -393 + 392. Suppose 3*o - 649 + 229 = 0. What is the tens digit of o/(-8)*(w + -1)?
3
What is the hundreds digit of (-2)/6 + (-141100)/(-75)?
8
Suppose 3*n - 2*f = -f + 290, 0 = 3*n - 2*f - 286. What is the tens digit of (28/5)/(4 - n/25)?
7
Suppose 4*a = 2*v + 8, 4*a - 1 = 5*v + 49. Let j = -27 - -66. Let t = j + v. What is the units digit of t?
5
Suppose 4*a - 2*q = 0, 2*a - q + 4*q = 8. Let v be (-4)/(-18) + 16/9. What is the units digit of (5 - -3)/v - a?
3
What is the tens digit of 10/(-4 + -1) - -903?
0
Let b(m) = 75*m**2 - 6*m - 8. What is the hundreds digit of b(-4)?
2
Suppose q - 84 = 4*t, -q + 5*t + 88 = -0*t. Let s = 22 + q. What is the tens digit of s?
9
Let x = -20 + 28. Suppose x = 2*c - 14. Let a = c + -5. What is the units digit of a?
6
Let t(m) = 12*m - 3*m**2 + 0 - 6 + m**2. Let o be t(5). Suppose -o*f + 70 = f. What is the units digit of f?
4
Let f = -2734 - -4865. What is the units digit of f?
1
Let h(r) = 91*r + 6. Let v be h(-2). Let s = 249 + v. What is the tens digit of s?
7
Let w = 395 + -307. What is the units digit of w?
8
Suppose -p = 3*p - 12, -5316 = -3*a - 3*p. What is the hundreds digit of a?
7
Let y = -10 - -14. Let c(b) = -3 - y*b + 5 - 4 + 4. What is the units digit of c(-2)?
0
Let u = -43 - -28. What is the units digit of (u/(-10))/3*178?
9
Suppose -4*b + 2 = -14. Let c = -87 - -185. Suppose -b*s = 2*v - 12 - 8, 2*s + c = 5*v. What is the units digit of v?
8
Let n = -35 - -13. Let d be (-4)/(12/(-3)) + n. Let i = 25 + d. What is the units digit of i?
4
Suppose 0*h + 3*h = 6. Suppose u - 109 = -2*u - q, 3*q + 69 = h*u. What is the units digit of u?
6
Suppose -4*b = -13 - 7. Let q be 1/(-1) - (-44 - b). Let s = 104 - q. What is the units digit of s?
6
What is the units digit of (1054*-1)/(3 + -5)?
7
Suppose 73 = -3*u + 79. Let q = -4 + 2. What